is the highest common divisor of 17 and t?
17
Let a = -4 - -6. Let d be ((-6)/15)/(a/(-30)). Suppose 65 = -j + d*j. What is the highest common factor of j and 117?
13
Let v be 0 + (8/2)/(-2). Let j be 20/2*(1 - v). Suppose 3*x = 79 - 19. What is the highest common factor of j and x?
10
Let t(k) = -12*k + 93. Let w be t(7). Calculate the highest common divisor of w and 15.
3
Let r = -1 + 5. Suppose -4*k + r*w + 354 + 162 = 0, 4*w + 252 = 2*k. What is the highest common factor of k and 12?
12
Let x = -6 + 7. Suppose h - 2 = -x. Let v = h + 9. Calculate the greatest common divisor of v and 20.
10
Suppose 0 = 4*h + 3 + 1. Let r be 22*(-6)/(-3)*h. Let m = 62 + r. Calculate the highest common factor of m and 45.
9
Let y be (270/(-20) - -1)*-8. Let j be 98/4 + (-1)/(-2). Let z = 35 - j. What is the greatest common factor of y and z?
10
Suppose 2*k + 6 = 5*s, -5*s + 0*s = -10. Let v be 11/k*(7 + -5). Calculate the highest common divisor of 44 and v.
11
Let q(k) = k**3 + 17*k**2 - 2*k - 22. Let z be q(-17). Calculate the highest common divisor of z and 96.
12
Let g = -38 - -60. Calculate the greatest common divisor of 66 and g.
22
Let q(c) = -c - 2. Let w be q(-6). Let b be 154/6 - w/(-12). Suppose -b = -x - 6. Calculate the greatest common factor of 5 and x.
5
Let d(p) = 2*p**2 + 32*p - 25. Let a be d(-17). Calculate the highest common divisor of 99 and a.
9
Let y(d) = d**2 - 4. Let p be y(-4). Let t = -7 + 6. Let r = t + 4. What is the highest common divisor of p and r?
3
Let q(k) = -2*k**2 - 17*k - 8. Let b be q(-7). Calculate the highest common divisor of 104 and b.
13
Suppose 0 = 4*l - 474 + 150. What is the highest common divisor of 9 and l?
9
Let j be 19 - (1 - 7)/(-3). What is the highest common factor of 119 and j?
17
Let i(n) = 6*n**2 + 20*n + 16. Let t(u) = -7*u**2 - 21*u - 15. Let g(y) = 6*i(y) + 5*t(y). Let s be g(-15). What is the greatest common divisor of s and 168?
21
Let w be 8*(-1)/3*-3. Let m = -5 + w. Let p be 4/2 + 4 + 0. What is the greatest common divisor of m and p?
3
Let r(u) = -27*u + 7. Let c be r(-1). Suppose -3*z - g = -156, 4*z - g - 195 = 2*g. Calculate the greatest common factor of z and c.
17
Suppose -15 = -o + 38. Let z be (-1)/(-3) - o/(-3). What is the highest common factor of z and 12?
6
Let s(b) = b**2 + 5*b + 20. Let k be s(-12). Calculate the greatest common divisor of k and 13.
13
Let u(o) = o + 8. Let g be u(-5). Suppose -6*x + 2*x = -12. Suppose -x*v - v - 2*h = -50, 5*h = g*v - 5. What is the greatest common divisor of v and 5?
5
Let c = -30 + 43. Let h = 84 - 1. Let i = h - c. Calculate the highest common factor of i and 28.
14
Suppose 0 = 10*f + 7 - 67. Let t = 4 - 0. Calculate the highest common factor of f and t.
2
Let i be (-286)/(-33) + 3/9. What is the highest common divisor of 36 and i?
9
Suppose 12 + 103 = 5*u. Calculate the highest common factor of 161 and u.
23
Suppose 2*u = -0*q + q + 20, 5*u = 2*q + 52. What is the highest common divisor of 48 and u?
12
Suppose 7 = 4*y - 5. Suppose 7 = y*c - 8. Suppose 31 = c*j - 3*p, -j + 2*p = 1 - 3. What is the greatest common divisor of j and 20?
4
Suppose -3*t = -4*c + 14, 0*t - 16 = -4*c + 4*t. Suppose -3*k = 3*x + 2*k - 14, -c*x - 5*k = -11. Calculate the highest common factor of 15 and x.
3
Suppose 4*x - 5*x = -70. Suppose -4*c + 94 = -x. Let z = c - 20. Calculate the highest common factor of z and 63.
21
Let d(i) = -3*i + 1. Let l be d(2). Let h = 18 + l. What is the greatest common divisor of h and 39?
13
Suppose x + 3*x = -2*n - 10, -4*n - 9 = -3*x. Let t = n + 17. Calculate the highest common divisor of t and 7.
7
Let n(j) = 7*j - 4. Let g be n(5). Suppose -t + g = 3*m, 5*t + 45 = -m + 6*m. Let l = -13 + 15. What is the highest common factor of l and m?
2
Let p(w) = 2*w - 12. Let j be p(8). What is the highest common divisor of j and 36?
4
Let f be (-6)/18 + 656/6. Let g = f - 67. What is the greatest common factor of 6 and g?
6
Suppose -5*m - 2 - 8 = 0. Let k(o) = -11*o. Let y be k(m). What is the greatest common factor of 154 and y?
22
Let t(r) = r**2 - 5*r + 3. Let o(g) = 2*g**2 - 9*g + 7. Let c(p) = 2*o(p) - 5*t(p). Let u be c(5). Calculate the highest common divisor of u and 72.
9
Let y(q) = -q**2 - 15*q - 1. Let a be y(-8). What is the greatest common divisor of a and 22?
11
Suppose -3 = -x + 17. Calculate the highest common factor of 220 and x.
20
Let x = 6 + -4. Suppose 3*u - 15 = 0, 3*g + 3*u = x*g + 51. Calculate the highest common divisor of g and 12.
12
Suppose 0 = -3*y + 12 - 3. Let q(l) = 3*l**2 - 2*l. Let n be q(3). Calculate the highest common factor of n and y.
3
Suppose 3*n = -0*n - 15, 2*u = 5*n + 25. Suppose 4*t - 32 = -u. Let r be (4/6)/((-1)/(-30)). Calculate the highest common divisor of t and r.
4
Let b = -70 + 147. What is the highest common factor of 7 and b?
7
Suppose 5*d = 2*p + 53, 11 - 28 = -d + 2*p. Suppose d*m = 10*m - 13. Calculate the highest common factor of m and 52.
13
Let z(g) = g**3 + 8*g**2 - 2*g - 9. Let l be z(-8). Let p be (-6)/42 - (-57)/l. What is the highest common factor of p and 8?
8
Let n = 41 - 29. Suppose -n - 18 = -2*j. Let a = -6 + 66. What is the highest common factor of a and j?
15
Suppose 3*i + 0 = -3, -m + 110 = -5*i. Let v be (-128)/(-3) - (-38)/(-57). Calculate the greatest common factor of m and v.
21
Suppose 5*q = -25 - 85. Suppose 0 = -o - 4*h + 18, -5*o - 2*h = 3*h - 165. Let x = q + o. Calculate the highest common factor of 24 and x.
8
Let m(l) = 2*l**2 - 44*l + 30. Let g be m(22). Calculate the greatest common divisor of g and 240.
30
Let f be 2 + (-1)/(3/(-48)). What is the highest common divisor of 24 and f?
6
Let c = 55 - 41. Let i be 21*(2/(-6) + 1). Calculate the highest common factor of i and c.
14
Let k(o) = -34*o + 1. Let p be k(-8). What is the greatest common divisor of p and 21?
21
Let y(r) = -r**3 - 4*r**2 - 2*r - 4. Let s be y(-4). Calculate the greatest common factor of 44 and s.
4
Let i(n) = -9*n - 3. Let b be i(-7). Suppose -2*s + 3*s = 90. What is the greatest common factor of s and b?
30
Let h be (3 + 1)/(-2) + 42. Suppose 27 = 2*s - 0*f - 3*f, -h = -3*s + 4*f. Calculate the greatest common factor of 6 and s.
6
Suppose 2*p = 8 - 40. Let w be p/(-3)*(-36)/8. Let k be (20/3)/((-2)/w). What is the highest common divisor of k and 10?
10
Suppose -262 = -4*p - 0*p + 2*m, -2*m - 73 = -p. Let d = 11 - 21. Let w = d + 19. What is the highest common factor of p and w?
9
Suppose 392 - 56 = 7*x. What is the greatest common divisor of x and 168?
24
Let d = -15 - -55. Let r be (-1)/(4/d*-2). What is the highest common factor of 45 and r?
5
Let k be (-216)/(-16) + (-6)/4. Let x be 2/(4/(-3))*-32. What is the highest common factor of x and k?
12
Let n = 10 + -7. Suppose n*m + 23 = -40. Let z = m - -45. Calculate the highest common factor of z and 6.
6
Suppose 6*n + 25 = n, 4*q = n + 109. What is the greatest common divisor of 130 and q?
26
Suppose s = -5*g + 25, 0 = 5*g - 4*s + s - 45. Calculate the greatest common factor of 42 and g.
6
Suppose 0 = 3*v + 4*u + 1, -v + 0 = 3*u + 2. Let j = v + 15. Suppose 3*l + 7 = j. Calculate the greatest common divisor of l and 9.
3
Suppose -4*t = -t - 42. Calculate the highest common factor of t and 7.
7
Let w(z) = 8*z**2 + z. Let f be w(-2). Let v = 6 - 3. What is the greatest common divisor of v and f?
3
Suppose 2*s - 3*f = -13, -2*s + 0*s + f = 7. Suppose -y + h + 14 = 2*h, 4*y = -5*h + 56. Let o = y - s. Calculate the greatest common divisor of 128 and o.
16
Let d = 43 + -42. Calculate the highest common factor of d and 9.
1
Let i(b) = b**2 + 1. Let k be i(-2). Let z(d) = d**2 - 4*d + 5. Let p be z(k). Suppose 4*m - 29 = 31. What is the greatest common factor of m and p?
5
Let a = 76 - 68. Suppose -5*x - 6 + 86 = 0. What is the highest common divisor of x and a?
8
Let w(j) = -4*j + 0 - 2*j - 7 + j**2 + j**2. Let a be w(7). Calculate the greatest common divisor of 7 and a.
7
Let m be 56/6*63/42. What is the greatest common divisor of m and 21?
7
Suppose -3*o = -0*m - 2*m - 246, -3*o - 2*m + 234 = 0. Calculate the greatest common divisor of o and 10.
10
Let j(k) = 8*k**2 + 5*k + 4. Let x be j(-4). What is the highest common divisor of x and 32?
16
Let s = 28 + -15. Suppose 0 = z - 5*m - s, 5*z - 21 = m + 2*m. Suppose -z*v - 1 = -13. Calculat